Let h(y) = y**2 + 3*y. Let l(c) = -3*c**2 + 27*c + 63. Let n be l(11). Give h(n).
0
Let b(g) = 13*g + 2. Let i be ((-550)/33)/(-5)*30/25. Determine b(i).
54
Let q(k) = -4*k - 9. Let g be q(-8). Let w = g - 16. Let u be 17 + -15 + -1*w. Let m(d) = -d - 6. Calculate m(u).
-1
Let g(x) = -5*x**2 + 75*x - 268. Let r(q) = 2*q**2 - 29*q + 89. Let z(h) = 3*g(h) + 8*r(h). Give z(14).
6
Let t(x) be the second derivative of -5*x**3/6 - 2*x**2 - 7725*x. Let k = -1 - 3. Give t(k).
16
Let b(a) = 122*a - 99. Let f(k) = 245*k - 198. Let s(y) = -7*b(y) + 4*f(y). Let o(h) = 13*h - 10. Let w(g) = -39*o(g) + 4*s(g). Give w(-11).
27
Let a(m) be the second derivative of -m**5/120 - 3*m**4/4 + 47*m**3/6 - 74*m. Let p(w) be the second derivative of a(w). Give p(-16).
-2
Let k(v) = -3*v**3 + v**2 + 5*v + 3. Let l be k(-1). Suppose -3 = y + s, l*y + 5 = 5*s + 13. Let x(f) = 19*f + 1. Determine x(y).
-18
Let k(a) be the third derivative of a**6/60 + 11*a**5/60 + 2*a**4/3 + 29*a**3/3 - 7861*a**2. Determine k(-5).
3
Let b(v) = v**3 + v**2 - 2*v + 1. Let c(r) = 24*r**2 - 26*r - 57. Let q(x) = b(x) + c(x). Give q(-26).
-4
Let z(x) = x + 1. Let q(a) be the first derivative of a**3/3 - 3*a**2 + 9*a + 32. Let r(p) = q(p) - 2*z(p). Determine r(6).
-5
Let h(c) = -114 + 0*c + 34 - c + 43 + 36. Let w = -7 - -12. Suppose 4*x + 5*j - 14 = 0, -3*j - 4 = w*x - 28. Determine h(x).
-7
Let z(n) = n**2 + 18*n + 3. Suppose -5*s - 43 = l, -s - 242 + 291 = -3*l. What is z(l)?
3
Let n(t) = t**3 + 2*t - 10. Let v(p) = -2*p**3 - 7*p**2 - 6*p + 31. Let m(d) = 3*n(d) + v(d). Determine m(3).
-35
Suppose 27 = -5*h + 4*w, -5*w = 7*h - 3*h + 38. Let o(z) = -15*z - 84. Let a be o(-6). Let r(q) = 8*q**2 - 105 - 108 + a*q + 311 + q**3 - 99. Give r(h).
6
Let i(n) = -17*n - 206. Let f(o) = -49*o - 608. Let v(q) = -6*f(q) + 17*i(q). Calculate v(-30).
-4
Let m(n) = -2*n**2 + 38*n - 171. Let i be 6*(-2 - (-322)/84). Give m(i).
5
Let v = -460 + 492. Suppose -15*y + 2 - v = 0. Let h(w) = w**3 + w**2 - 2*w - 3. Calculate h(y).
-3
Let q(v) be the second derivative of v**5/20 - 7*v**4/12 - 3*v**3 - 3*v**2/2 + 1847*v. What is q(9)?
-3
Let q(f) = -13*f**3 - 8*f - 12. Let k(a) = 2*a + 2. Let m(c) = -5*k(c) - q(c). Calculate m(1).
13
Let t = -11 - -14. Let o(m) = 18*m - 73*m + 14*m + 25*m + 11*m. Give o(t).
-15
Let t(q) = 16 - 12*q + q**2 - 16*q + 37*q - 7*q - 10*q. Determine t(4).
0
Let n be (-16)/20*(-1 - (-2 - -6)). Let h(k) = 5*k - 20. Let s be h(n). Let g(r) = r**2 - r + 16. Calculate g(s).
16
Let g(w) = w**3 - w**2 - 2*w. Let q be 0 + (-4)/10 - 1188/(-220). Let p(j) = -3*j**3 + 7*j**2 + 10*j - 1. Let k(u) = q*g(u) + p(u). What is k(1)?
3
Let f(r) = 6*r**2 + 58*r - 31. Let c be f(-10). Let i(j) = j**3 + 12*j**2 + 10*j + 2. Give i(c).
13
Let r = 585 - 659. Let k = r - -65. Let i(q) = -q**2 - 9*q - 2. Calculate i(k).
-2
Let m = -517 + 517. Let o(d) = 18*d**2 - 17*d**2 - d - d + 0 + m*d + 3. Determine o(5).
18
Let s(w) = -8*w**3 - 35*w + 22*w + 10*w**3 - 16 + 12*w + 18. Suppose 3*y + 4 = -2*m, 5*m + y + y - 1 = 0. Determine s(m).
3
Let i(x) = -x**2 - 6*x + 15. Suppose -4*v + 2*g = -3998, -g - 508 = -v + 490. Let z = -1008 + v. Determine i(z).
8
Let y(k) be the second derivative of -k**4/12 - 2*k**3/3 + 80*k**2 + 5676*k. Give y(-15).
-5
Let u be ((-66)/7 - -4) + 9/21 - 5. Let b(w) = w - 38. What is b(u)?
-48
Let t(k) = k**3 - 5*k**2 - 9*k + 17. Suppose -4*y + 25 + 159 = 0. Let h = 52 - y. Let s be t(h). Let b(w) = 14*w. Give b(s).
-14
Suppose 5*z - 3*s = 0, -92*z - 5*s = -93*z. Let h(i) = -2*i**2 + 4. What is h(z)?
4
Let d(n) = -9*n**2 - n + 1. Suppose 2 = -3*q + u, -3*q = 24*u - 20*u + 7. Let m be 0 + ((-5 - q)*1 - -5). What is d(m)?
-9
Let c(x) = x**2 - 5*x - 2. Let o be c(7). Let i = o - 22. Let f(b) = -414*b**3 - 14*b + 9*b + 11*b**2 + 14*b + 415*b**3 - 9. Determine f(i).
1
Let r(n) = n**2 + 429*n - 6661. Let l be r(15). Let o(c) = -3*c**3 - c**2 - 7*c - 5. Give o(l).
4
Let i = 227 - 217. Let k(w) = 273*w**3 + 13 - i*w**2 - 545*w**3 - 6*w + 271*w**3. Calculate k(-9).
-14
Let j(o) be the first derivative of -7/3*o**3 - 8*o + o**2 + 57 - 1/4*o**4. Determine j(-7).
-22
Let s be (2 + -3)/2*(-23 - -7). Let d(u) = -s - 2*u + 11 - 6 + 3*u. What is d(4)?
1
Let w(t) = t**3 - t**2 - t - 1. Let u be w(-1). Let p(b) be the second derivative of b**5/20 - b**3/2 - b**2 - 11*b - 2. Give p(u).
-4
Let d(h) be the second derivative of -h**5/20 + h**4/12 - h**3/2 + 3*h**2/2 + 6009*h. Suppose 9 = 4*q - 3. Calculate d(q).
-24
Let a(o) = -13*o**3 - 32*o**2 - 12*o + 16. Let g(i) = 3*i**3 + 8*i**2 + 3*i - 4. Let f = 145 - 154. Let c(b) = f*g(b) - 2*a(b). Determine c(-5).
-56
Let g(c) be the second derivative of -c**3/3 - 3*c**2/2 - c. Let b = 3966 + -3968. What is g(b)?
1
Let n(w) = -w**3 + w**2 - 13. Suppose 274 = -38*u - 30. Let v be (0 - 0)/(u + 9). What is n(v)?
-13
Let f(r) = -r**3 + 9*r**2 + 8*r + 11. Let b be 54/(-36) + 178/4. Suppose -b = -12*y + 77. Calculate f(y).
-9
Let t(v) = 4*v**2 + 122*v - 863. Let q be t(6). Let k(s) = s + 20. Give k(q).
33
Let l(w) = w**3 + 27*w**2 + 51*w + 11. Suppose -122*p + 365 = 1276 + 2139. Calculate l(p).
-14
Let o(m) = m. Let h(l) = -18*l + 1. Let y(j) = h(j) - 3*o(j). Let q(t) = 7*t**2 - 35*t - 169. Let w be q(8). Give y(w).
22
Let h(i) = -14*i + 38. Let u(y) = 5*y - 13. Let d(m) = -6*h(m) - 17*u(m). Let k(b) = -428*b - 3431. Let l be k(-8). Calculate d(l).
0
Let s be (2 - -1 - 63/28)*4. Let l = s + -1. Let t(d) = -17 + 13 + 4 - 3*d. Give t(l).
-6
Let v(r) = -r**3 + 3*r**2 + r - 2. Let x(c) = -6*c**3 + 25*c**2 - 3*c - 13. Let f(k) = 5*v(k) - x(k). Give f(9).
-6
Let f(y) = 8*y - 11. Let l(v) = 4*v + 72. Let z(g) = -5*f(g) + l(g). Determine z(3).
19
Let m(v) be the third derivative of 1/24*v**4 + 0*v + 82*v**2 - 2/3*v**3 + 0. Determine m(3).
-1
Suppose -431*i - 285 = -336*i. Let a(o) = -o**3 - 5*o**2 - 3*o + 4. Give a(i).
-5
Let p be -3*(-2 + (-4)/(-6)). Suppose 0 = -3*o + 55 - p. Let t(m) = m - 11. Let h be t(o). Let r(x) = -x**3 + 7*x**2 - 6*x + 4. What is r(h)?
4
Let u(q) be the second derivative of -q**5/10 + q**4/3 - q**3/2 + 988*q. Determine u(2).
-6
Let q(f) = f + 10. Let g be 47 - 1 - (2 + 0). Let z = g + -29. Suppose z = -3*r - 12. What is q(r)?
1
Suppose 3*k - 21 + 33 = 0. Let d(y) = 4*y - 3. Let h(r) = 13*r - 11. Let b(o) = k*h(o) + 14*d(o). Let m = 5 + 0. Give b(m).
22
Let s(g) = 3*g - 3. Let b(o) = 8*o - 7. Let i(u) = 5*u**2 + 28*u + 10. Let c be i(-5). Let h(w) = c*s(w) + 2*b(w). What is h(-8)?
-7
Let f be 117/18 - (-4)/8. Let y(w) = -3*w + 25*w**2 - 27*w**2 - w**3 + f*w**2 - 3. What is y(4)?
1
Suppose 536*g = -98*g - 112*g - 7460. Let x(f) = 67*f + 670. Give x(g).
0
Suppose 10 = 5*b + 2*s, 2*b - s + 3*s = 4. Let a(z) = -4*z**2 - z**3 + 5 - 5*z**2 + 17*z**2 - 7*z**2 - 3. Give a(b).
-2
Let q(h) = -2*h + 9. Suppose 7*o = 91 + 651. Let d = -74 + o. Suppose 2*f = 5*f + y - 31, 0 = -4*f + y + d. What is q(f)?
-9
Let k(c) = c**2 + c + 4. Let j be (3 + -4)/(-1) + (-9)/(-3). Suppose 0 = -j*o + 2*w + 3*w + 15, w = 5*o - 3. Determine k(o).
4
Suppose 3*z + 32 = -5*z. Let x be -4 - (3 + -7) - z. Suppose 5*d = x*d - 1. Let r(a) = 6*a**2 - a. Give r(d).
7
Let j(a) = -a**2 + 11*a - 13. Let q = 21 - 19. Suppose 5*u + 39 = q*m - 7, 0 = -5*u + 20. Suppose -3*v = 5*h - m - 12, 0 = 2*v - h - 17. Calculate j(v).
-3
Let s(d) = -d - 4. Let m(g) = 8*g + 94. Let v be m(-12). Give s(v).
-2
Let t(b) = -3*b**2 - 10*b - 4*b**2 + 2*b**3 + 3*b - b**3. Suppose -40*y - 10*y + 312 = -11*y. What is t(y)?
8
Let b(n) be the second derivative of -3*n**3/2 + 21*n**2/2 - 37*n + 10. What is b(5)?
-24
Let t(y) be the first derivative of -y**3/6 + 7*y**2 + 15*y + 8. Let h(i) be the first derivative of t(i). Calculate h(12).
2
Let j(w) be the third derivative of w**4/6 - w**3/2 - 2*w**2 + 30. Suppose -10*p - 6 = -36. Give j(p).
9
Let h(a) be the second derivative of 1/12*a**4 + 2 - 2*a + 7/2*a**2 + 7/6*a**3. Give h(-6).
1
Suppose 909*c = 921*c. Let b(j) be the third derivative of c*j - 7/6*j**3 + 0*j**4 + 1/120*j**6 + 15*j**2 + 0 - 1/10*j**5. Determine b(6).
-7
Suppose -9*w + 1260 = -324. Let c = w + -192. Let n(h) = h + 21. What is n(c)?
5
Let g = -43 + 50. Let p(c) = c - 14. Let w(f) = 1. Let b(x) = -p(x) - 2*w(x). Let o(r) = 3*r - 35. Let a(k) = -7*b(k) - 2*o(k). What is a(g)?
-7
Let l(p) = -p + 8. Let d(o) be the se